1680?
False
Is 65 a factor of 1690?
True
Is 833 a multiple of 49?
True
Is 10 a factor of 780?
True
Is 13 a factor of 156?
True
Is 77504 a multiple of 17?
False
Is 23 a factor of 1541?
True
Does 21 divide 630?
True
Is 1405 a multiple of 14?
False
Is 864 a multiple of 27?
True
Does 77 divide 561?
False
Does 143 divide 13513?
False
Does 9 divide 583?
False
Is 6765 a multiple of 5?
True
Is 90 a factor of 2239?
False
Is 15 a factor of 308?
False
Is 274 a multiple of 23?
False
Is 11 a factor of 2552?
True
Is 27572 a multiple of 65?
False
Does 24 divide 11738?
False
Is 76 a factor of 5298?
False
Is 18 a factor of 10026?
True
Does 2 divide 324?
True
Is 3 a factor of 366?
True
Is 16201 a multiple of 67?
False
Is 8285 a multiple of 61?
False
Does 3 divide 673?
False
Is 21766 a multiple of 4?
False
Is 24 a factor of 26564?
False
Is 32 a factor of 1376?
True
Is 2 a factor of 148?
True
Is 2561 a multiple of 13?
True
Is 903 a multiple of 43?
True
Is 7636 a multiple of 92?
True
Is 11346 a multiple of 6?
True
Is 736 a multiple of 32?
True
Does 10 divide 4421?
False
Is 1377 a multiple of 15?
False
Is 11 a factor of 18773?
False
Is 184 a factor of 14352?
True
Is 9347 a multiple of 11?
False
Is 20240 a multiple of 115?
True
Is 6648 a multiple of 24?
True
Does 26 divide 23140?
True
Is 3080 a multiple of 3?
False
Is 40 a factor of 11560?
True
Does 52 divide 260?
True
Is 20 a factor of 1580?
True
Does 37 divide 481?
True
Is 989 a multiple of 23?
True
Is 3321 a multiple of 2?
False
Is 16112 a multiple of 8?
True
Is 32772 a multiple of 130?
False
Is 2 a factor of 2469?
False
Is 8 a factor of 2612?
False
Does 54 divide 10044?
True
Is 23 a factor of 2668?
True
Is 2195 a multiple of 13?
False
Does 104 divide 13331?
False
Is 11 a factor of 56696?
False
Does 10 divide 9751?
False
Does 15 divide 174?
False
Does 51 divide 9027?
True
Is 62733 a multiple of 300?
False
Is 105 a factor of 299?
False
Does 4 divide 7970?
False
Does 16 divide 2977?
False
Is 61 a factor of 362?
False
Does 17 divide 2607?
False
Is 27 a factor of 101574?
True
Is 2335 a multiple of 5?
True
Is 1196 a multiple of 13?
True
Does 12 divide 48888?
True
Is 4 a factor of 419?
False
Does 16 divide 2144?
True
Does 17 divide 221?
True
Is 23 a factor of 581?
False
Is 22944 a multiple of 24?
True
Is 229 a multiple of 18?
False
Does 25 divide 1325?
True
Is 5 a factor of 35?
True
Is 9 a factor of 11368?
False
Is 167 a factor of 49599?
True
Is 30529 a multiple of 21?
False
Is 4560 a multiple of 114?
True
Is 1475 a multiple of 39?
False
Is 60 a factor of 644?
False
Is 34 a factor of 1159?
False
Is 500 a multiple of 10?
True
Does 22 divide 58322?
True
Is 44 a multiple of 2?
True
Is 590 a multiple of 21?
False
Is 25 a factor of 22200?
True
Is 2 a factor of 114?
True
Is 29637 a multiple of 267?
True
Does 55 divide 50985?
True
Is 1916 a multiple of 57?
False
Does 120 divide 17760?
True
Does 12 divide 816?
True
Does 67 divide 8656?
False
Does 32 divide 705?
False
Does 65 divide 1900?
False
Does 58 divide 435?
False
Is 1188 a multiple of 27?
True
Is 24 a multiple of 7?
False
Is 94 a factor of 329?
False
Is 13783 a multiple of 11?
True
Is 57 a factor of 16872?
True
Does 128 divide 8832?
True
Does 40 divide 8320?
True
Is 13 a factor of 1460?
False
Is 14640 a multiple of 30?
True
Is 13567 a multiple of 78?
False
Is 8406 a multiple of 9?
True
Does 14 divide 1862?
True
Does 98 divide 5547?
False
Does 53 divide 10040?
False
Is 12 a factor of 3384?
True
Is 7 a factor of 8706?
False
Is 76 a factor of 6822?
False
Is 26 a factor of 4732?
True
Is 72 a factor of 2517?
False
Is 26196 a multiple of 31?
False
Is 14064 a multiple of 48?
True
Is 8 a factor of 3066?
False
Is 134 a factor of 156?
False
Does 4 divide 1546?
False
Is 1880 a multiple of 214?
False
Does 37 divide 26936?
True
Is 15 a factor of 4957?
False
Is 9 a factor of 845?
False
Is 9 a factor of 25?
False
Is 49 a factor of 1127?
True
Is 57 a factor of 399?
True
Does 33 divide 30030?
True
Is 4 a factor of 8938?
False
Is 224 a multiple of 8?
True
Is 95 a factor of 10735?
True
Is 21595 a multiple of 166?
False
Does 12 divide 396?
True
Is 54 a factor of 39212?
False
Does 95 divide 6326?
False
Is 3396 a multiple of 4?
True
Is 216 a multiple of 14?
False
Is 8808 a multiple of 33?
False
Does 14 divide 3613?
False
Does 34 divide 8874?
True
Is 145 a factor of 145?
True
Is 14 a factor of 7854?
True
Is 33907 a multiple of 17?
False
Is 21 a factor of 8694?
True
Is 10588 a multiple of 11?
False
Is 60 a factor of 6023?
False
Is 595 a multiple of 31?
False
Is 57505 a multiple of 155?
True
Does 193 divide 6176?
True
Is 69 a factor of 422?
False
Does 57 divide 313?
False
Is 61 a factor of 7735?
False
Does 15 divide 1669?
False
Is 309 a multiple of 3?
True
Does 56 divide 21803?
False
Is 133 a multiple of 4?
False
Is 1444 a multiple of 91?
False
Is 56 a factor of 3472?
True
Is 43 a factor of 2320?
False
Is 34 a factor of 51738?
False
Is 4152 a multiple of 272?
False
Is 6 a factor of 1146?
True
Does 37 divide 1457?
False
Is 60 a factor of 6893?
False
Is 290 a multiple of 10?
True
Is 34 a factor of 24208?
True
Is 3089 a multiple of 11?
False
Is 36 a factor of 1980?
True
Is 2807 a multiple of 23?
False
Is 1541 a multiple of 38?
False
Is 20683 a multiple of 66?
False
Is 287 a multiple of 13?
False
Does 60 divide 840?
True
Does 38 divide 120915?
False
Is 21 a factor of 2142?
True
Is 5593 a multiple of 7?
True
Is 4192 a multiple of 16?
True
Does 111 divide 999?
True
Does 44 divide 14486?
False
Is 22 a factor of 2015?
False
Is 13 a factor of 416?
True
Does 84 divide 2868?
False
Is 11 a factor of 204?
False
Is 968 a multiple of 3?
False
Is 20 a factor of 98980?
True
Is 867 a multiple of 51?
True
Is 17 a factor of 3281?
True
Does 6 divide 2322?
True
Does 302 divide 16610?
True
Is 7 a factor of 825?
False
Does 12 divide 5244?
True
Does 96 divide 893?
False
Is 380 a multiple of 14?
False
Is 27 a factor of 7128?
True
Is 3192 a multiple of 4?
True
Does 110 divide 44660?
True
Does 14 divide 29456?
True
Is 23 a factor of 10327?
True
Is 1235 a multiple of 22?
False
Does 35 divide 81?
False
Does 14 divide 11856?
False
Is 89 a factor of 9612?
True
Is 34 a factor of 43?
False
Is 21210 a multiple of 21?
True
Is 9 a factor of 175?
False
Is 15259 a multiple of 27?
False
Is 12 a factor of 612?
True
Is 986 a multiple of 58?
True
Is 450 a multiple of 43?
False
Is 14 a factor of 108200?
False
Is 5 a factor of 41239?
False
Is 3230 a multiple of 38?
True
Does 6 divide 5412?
True
Is 52 a factor of 4056?
True
Is 9759 a multiple of 93?
False
Does 5 divide 410?
True
Is 21 a factor of 882?
True
Is 15 a factor of 8820?
True
Is 9 a factor of 936?
True
Is 35 a factor of 2730?
True
Is 19 a factor of 28822?
False
Is 4576 a multiple of 12?
False
Does 9 divide 8669?
False
Does 173 divide 320?
False
Is 200 a factor of 8480?
False
Is 17 a factor of 2187?
False
Is 7 a factor of 2805?
False
Is 6 a factor of 1008?
True
Is 33 a factor of 1518?
True
Is 1335 a multiple of 23?
False
Is 34 a factor of 539?
False
Is 17 a factor of 408?
True
Is 21 a factor of 2320?
False
Does 86 divide 7563?
False
Is 28 a factor of 560?
True
Is 587 a multiple of 17?
False
Is 95082 a multiple of 318?
True
Is 53 a factor of 20077?
False
Is 31608 a multiple of 24?
True
Is 62 a factor of 1361?
False
Does 2 divide 261?
False
Is 4614 a multiple of 39?
False
Is 15 a factor of 2910?
True
Is 96 a multiple of 8?
True
Is 51506 a multiple of 14?
True
Is 11 a factor of 1936?
True
Does 15 divide 34464?
False
Is 17 a factor of 50473?
True
Is 17568 a multiple of 96?
True
Does 119 divide 2533?
False
Does 40 divide 1960?
True
Is 63 a factor of 281?
False
Is 24 a factor of 23229?
False
Is 5364 a multiple of 149?
True
Is 38 a factor of 491?
False
Does 18 divide 882?
True
Is 39437 a multiple of 113?
True
Is 168 a multiple of 8?
True
Is 61 a factor of 13950?
False
Does 15 divide 42150?
True
Is 11 a factor of 516?
False
Is 2977 a multiple of 5?
False
Is 857 a multiple of 38?
False
Is 40 a factor of 1092?
False
Is 96 a factor of 49248?
True
Does 28 divide 3836?
True
Is 201 a multiple of 5?
False
Does 10 divide 1842?
False
Does 109 divide 7739?
True
Does 8 divide 1117?
False
Is 480 a multiple of 10?
True
Is 9 a factor of 20267?
False
Is 5 a factor of 300?
True
Does 6 divide 450?
True